) be the second derivative of -31*z**6/720 - 17*z**5/120 - 41*z**4/12 + z. Let a(h) be the third derivative of b(h). What is the tens digit of a(-6)?
6
Let c(u) = 6*u - 14. Let w be c(7). Let n(k) = 2*k - 61. Let r be n(w). Let z(y) = -3*y**3 - 8*y**2 - 2*y + 17. What is the tens digit of z(r)?
0
What is the thousands digit of 17630 + 23 + -13 - 6?
7
Suppose 2*p - 10 = 3*y, -5*y - p + 0*p - 8 = 0. What is the hundreds digit of (10/50)/(y/(-4010))?
4
Let w(t) = -106*t - 19. Let g(j) = 21*j + 4. Let m(f) = -11*g(f) - 2*w(f). Let v be m(4). What is the tens digit of 20/5 + 0 - v?
8
Let k = -53347 + 77018. What is the hundreds digit of k?
6
Let b be (97/(-3))/(1/(-9)). Suppose -6*a + 1509 - b = 0. What is the units digit of a?
3
Let n = -21 + 18. Let p be -1 + (5 - n/(-1) - 1). Suppose p = 3*l - 4*v - 31, -3*l + 61 = 2*v - 0*v. What is the tens digit of l?
1
Let y(x) = -2*x**3 - 254*x**2 - 1391*x - 29. What is the hundreds digit of y(-122)?
8
Suppose 11 + 33 = 4*b. Suppose 10 = 3*s - b. Suppose 2*q = -2*t + 328, -2*t + s*t = -3*q + 502. What is the units digit of q?
9
Suppose -18*u + 6489 = 3*u. Suppose -4*h - 2*g + u = -541, 5*g - 1050 = -5*h. What is the units digit of h?
5
Let d = 58 + -97. Let a = 43 + d. Suppose a*n - 8*n = -136. What is the tens digit of n?
3
Let w(r) = -6*r**2 + 7. Let a(h) = -8*h**2 + 7. Let l(b) = -4*a(b) + 5*w(b). What is the tens digit of l(-12)?
9
Let r(o) = 38*o**3 + 7*o**2 - 5*o - 18. Let m(g) = 13*g**3 + 2*g**2 - 2*g - 6. Let w(u) = 8*m(u) - 3*r(u). What is the tens digit of w(-3)?
3
Suppose 0 = -47*z + 39*z + 24. Suppose -z*g - 476 = -10*g. Suppose 3*v - 6 = 0, -3*l + g = -4*v - 65. What is the tens digit of l?
4
Suppose 119*i - 154*i + 204225 = 0. What is the hundreds digit of i?
8
Suppose -102479 = 1207*m - 1220*m. What is the thousands digit of m?
7
What is the ten thousands digit of (3 - 118)*(49 - 177)?
1
Let s(o) = o**3 - 15*o**2 + 3*o - 39. Let b be s(15). Suppose a = -b*a + 2149. What is the units digit of a?
7
Suppose 5*a + 18103 = 6*a + 5764. What is the ten thousands digit of a?
1
Suppose -4*j - 2*j + 3738 = 0. Let r = -151 + j. What is the tens digit of r?
7
Suppose 4*h = -2*j - 598, 3*h - 142 = 4*h - 2*j. Suppose -24*q = 73485 - 74061. Let w = q - h. What is the units digit of w?
2
What is the thousands digit of (-2)/11 + 4350024/1617?
2
Suppose 8 = -23*k + 54. Suppose 0 = -4*r + i + 2663, -k*r - i + 2665 = 2*r. What is the tens digit of r?
6
Suppose 0 = -3*f + 6, f = -6*i + 2*i + 206. Suppose -6*p - 2*t = -4*p + 98, 3*p + 137 = 2*t. Let o = i + p. What is the units digit of o?
4
Suppose 4*d - 30 - 6 = 0. Suppose d*f = 2*f - 343. Let i = f - -94. What is the units digit of i?
5
Suppose 254*b - 203 = 247*b. Suppose 13467 = b*p - 21507. What is the hundreds digit of p?
2
Suppose -5*i - 6252 = -2*b - 37660, 25118 = 4*i - 3*b. What is the tens digit of i?
8
Suppose 3*w + 2*u = 2*w + 33, -u + 4 = 0. Suppose w + 9 = q. What is the units digit of q?
4
Let a = -23464 + 36474. What is the units digit of a?
0
Let z be (-2)/(-3)*33/2 + -2. Let p be (-6)/(-27) - (-2266)/9. Suppose 6*y - z*y + p = 0. What is the units digit of y?
4
Let k be -41*(-30)/6*(-56)/(-20). Suppose -4*l = -5*l + 22. Suppose -l*u = -15*u - k. What is the tens digit of u?
8
Let p be -2 - -1*(2 + 4). Suppose -2*j + 61 = p*y - j, -5*y + 3*j + 89 = 0. Suppose -y*f + 70 = -14*f. What is the tens digit of f?
3
Let t(x) = x**3 + 16*x**2 + 16*x + 43. Let c be t(-18). Let h be (1 - c)/(6/24*4). Suppose 3*s = 6*s - h. What is the tens digit of s?
9
Let w(v) = 7*v**2 + 37*v - 5. What is the hundreds digit of w(-13)?
6
Suppose -2*t + 28 = -5*u, 3*t = -0*u + 4*u + 42. What is the units digit of (-105)/(-245) + 2514/t?
0
Suppose 84*t = 77*t + 97041. What is the ten thousands digit of t?
1
What is the thousands digit of (-3)/(-27) - (-3090277)/153?
0
Let s(j) = -135*j - 64. Let c(v) = -405*v - 188. Let n(g) = 3*c(g) - 8*s(g). What is the tens digit of n(-2)?
1
Suppose -155162 - 92645 = -41*h + 282159. What is the thousands digit of h?
2
Let t = 420 + -375. Suppose -23*r - 10120 = -t*r. What is the tens digit of r?
6
Suppose 3*n + 2*n = 40. Let k(x) = -x**3 + 2*x**3 - 2 - 10*x**3 + 4 + 10*x**3 - 5*x**2 - 6*x. What is the hundreds digit of k(n)?
1
What is the hundreds digit of 8719 - 18/((-126)/(-119))?
7
Let p(r) = 51*r**3 - r**2 + r - 1. Let l = 7 - 6. What is the tens digit of p(l)?
5
Let w = -52 + 56. Suppose 0 = -5*m - t + 13, 4*m + 6*t = w*t + 14. What is the tens digit of m - (-3)/(-3) - 5 - -210?
0
Suppose -171 = -0*w + 3*w. Let i be (-45)/10*-52 + -3. Let c = i + w. What is the tens digit of c?
7
Let y be 321*(-16)/3*4. Let n be -3*(y/30 + (-2)/5). Let m = -441 + n. What is the hundreds digit of m?
2
Suppose -s - 3*l = -289, -5 - 3 = 2*l. What is the units digit of s?
1
Let y be 0/((-2*2)/2). Let w(c) = 23 + 7289*c + c**3 + 54 - 7289*c. What is the tens digit of w(y)?
7
Let n(a) = 2*a**2 - 6*a - 8. Let h be n(4). Suppose 0 = -4*d, -2*z + 10 = -h*z - d. What is the units digit of z/30 + 29/6?
5
Let g(w) = w**3 + w**2 + w - 1. Suppose 3*o = -2*o + 30. Let j(p) = 7*p**3 - p**2 + 5*p - 16. Let y(c) = o*g(c) - j(c). What is the units digit of y(6)?
2
Let q(h) = 10*h - 5. Let y be q(1). Suppose 0 = 3*t + 5*r - 665, t = -3*t - y*r + 885. What is the units digit of t?
0
Let a = 19 - 19. Suppose l = 4*j - a*l - 24, 5*l + 5 = -3*j. Suppose 135 = 4*r + 5*v, -3*r + j*v + 127 = -18. What is the units digit of r?
0
What is the hundreds digit of 148*(-165)/(-44) - 2?
5
Let j(u) = 3*u**2 - 5. Let m(i) = i + 9. Let f be m(-9). Suppose -2*d = a - 8, -4*d = -3*a - f*d + 14. What is the units digit of j(a)?
3
Let s(q) = 8*q + 114. What is the hundreds digit of s(21)?
2
Suppose 3*h - 6 = 0, 2*h + 739 = 4*y - 3993. What is the units digit of y?
4
Suppose 0 = j - 8, -729*j + 733*j + 44956 = 4*c. What is the hundreds digit of c?
2
Suppose -10*g = -4*h - 174928, -34959 = -g - g - 3*h. What is the units digit of g?
0
Let u(q) = -q**3 + 21*q**2 - 21*q + 26. Let l be u(20). Suppose -3*f + 2*a + 446 = 0, 0 = -f + a - l*a + 143. What is the units digit of f?
8
Let w = -11671 + 18968. What is the tens digit of w?
9
Suppose 61*j - 333576 = 130390. What is the thousands digit of j?
7
Let k = 48 + -24. Suppose -k*o = -28*o - 12. What is the units digit of o + 1 + -117*(-6)/9?
6
Let o(d) = d**3 - 14*d**2 - 5*d + 124. Let z be o(8). Let c = z - -1348. What is the hundreds digit of c?
0
Suppose -782288 = -55*n - 312533. What is the tens digit of n?
4
Let r be (48/28)/((-4)/(-14)). Let z be r/4 - (-222)/4. Suppose 2*n - z = 139. What is the units digit of n?
8
Let o = 9855 - -2282. What is the units digit of o?
7
Let z = -349 + 370. Suppose 63*v - z*v = 35196. What is the hundreds digit of v?
8
Let l = -53 + 55. Let u be ((-891)/l)/9*-8. Suppose 0 = -7*v + 11*v - u. What is the units digit of v?
9
Let i be 155554/(-5) - (-4)/5. What is the units digit of 6/21 + i/(-42)?
1
Let b be ((-3 - -6) + -1)/((-6)/(-9)). Suppose -b*a + 5*c = -1169, 0 = 2*a - 2*c - 42 - 732. What is the units digit of a?
3
Suppose -70*t + 361094 + 538056 = 0. What is the thousands digit of t?
2
Let t(h) = -9*h + 337. Let l(g) = g**2. Let j(c) = -l(c) + t(c). What is the units digit of j(0)?
7
Let p(z) = 132*z**2 + 18*z + 16. Let b be p(8). Suppose 22*f + 10*f - b = 0. What is the tens digit of f?
6
Let n be -4 - (-31)/(-2)*-2. Suppose -4*q + 9 = -2*j - q, 4*j = -3*q + n. Suppose -466 = -4*z + j*x, 4*x + 671 - 207 = 4*z. What is the hundreds digit of z?
1
Suppose 271*o - 272*o = -1726. Suppose -3*i = -5*w + o, 35*w - i = 37*w - 697. What is the hundreds digit of w?
3
Let z = 9 + -269. Let v = -46 - z. What is the hundreds digit of v?
2
Suppose 4*t + x = 7, -2*t + 11 = 2*x + x. Suppose -a = -t - 5. What is the tens digit of 21*1/a*12?
4
Suppose 5*c + 3*t - 4344 = 0, 29*t + 2616 = 3*c + 26*t. What is the tens digit of c?
7
Suppose 5*l - 4*l + 2304 = 23997. What is the ten thousands digit of l?
2
Let f = 44 + -41. Suppose 3*t + f = -0*o + 3*o, -4*t + 5*o - 9 = 0. Suppose -u - 2*m + 7*m + 87 = 0, -4*m = -t*u + 332. What is the tens digit of u?
8
Let l(t) = -2*t**2 - 3*t + 1. Let s(f) = 806*f**2 + 25*f - 5. Let o(m) = 4*l(m) + s(m). What is the hundreds digit of o(-1)?
7
Suppose -2*d = -p + 30587 - 7639, 0 = 4*p - 1